he prime factors of 1521.
3, 13
List the prime factors of 9522.
2, 3, 23
List the prime factors of 34100.
2, 5, 11, 31
List the prime factors of 30317.
7, 61, 71
What are the prime factors of 12711?
3, 19, 223
What are the prime factors of 1504?
2, 47
List the prime factors of 50513.
50513
What are the prime factors of 4005?
3, 5, 89
What are the prime factors of 3821?
3821
What are the prime factors of 8988?
2, 3, 7, 107
What are the prime factors of 1046?
2, 523
List the prime factors of 2043.
3, 227
What are the prime factors of 4655?
5, 7, 19
List the prime factors of 2850.
2, 3, 5, 19
What are the prime factors of 1356?
2, 3, 113
List the prime factors of 1569.
3, 523
What are the prime factors of 15059?
11, 37
What are the prime factors of 13306?
2, 6653
List the prime factors of 4263.
3, 7, 29
What are the prime factors of 88856?
2, 29, 383
List the prime factors of 7498.
2, 23, 163
What are the prime factors of 4622?
2, 2311
What are the prime factors of 785?
5, 157
What are the prime factors of 43166?
2, 113, 191
What are the prime factors of 1117?
1117
List the prime factors of 2839.
17, 167
List the prime factors of 54847.
13, 4219
What are the prime factors of 15435?
3, 5, 7
List the prime factors of 496.
2, 31
List the prime factors of 10371.
3, 3457
What are the prime factors of 3263?
13, 251
What are the prime factors of 6959?
6959
List the prime factors of 22114.
2, 11057
List the prime factors of 164504.
2, 20563
List the prime factors of 9239.
9239
What are the prime factors of 494?
2, 13, 19
List the prime factors of 41225.
5, 17, 97
What are the prime factors of 24712?
2, 3089
List the prime factors of 9018.
2, 3, 167
List the prime factors of 37466.
2, 11, 13, 131
List the prime factors of 1282.
2, 641
List the prime factors of 10655.
5, 2131
List the prime factors of 1176.
2, 3, 7
What are the prime factors of 18616?
2, 13, 179
List the prime factors of 1370.
2, 5, 137
What are the prime factors of 4524?
2, 3, 13, 29
What are the prime factors of 556?
2, 139
List the prime factors of 31816.
2, 41, 97
List the prime factors of 6469.
6469
What are the prime factors of 22578?
2, 3, 53, 71
List the prime factors of 1605.
3, 5, 107
List the prime factors of 1149.
3, 383
List the prime factors of 151008.
2, 3, 11, 13
What are the prime factors of 1533?
3, 7, 73
What are the prime factors of 641?
641
What are the prime factors of 163?
163
What are the prime factors of 1047?
3, 349
What are the prime factors of 511?
7, 73
List the prime factors of 43254.
2, 3, 89
What are the prime factors of 1638?
2, 3, 7, 13
What are the prime factors of 3219?
3, 29, 37
What are the prime factors of 33139?
31, 1069
What are the prime factors of 143491?
43, 47, 71
List the prime factors of 845.
5, 13
List the prime factors of 204.
2, 3, 17
List the prime factors of 6517.
7, 19
List the prime factors of 2275.
5, 7, 13
List the prime factors of 15085.
5, 7, 431
List the prime factors of 13059.
3, 1451
List the prime factors of 76187.
47, 1621
List the prime factors of 4744.
2, 593
What are the prime factors of 2356?
2, 19, 31
What are the prime factors of 231?
3, 7, 11
What are the prime factors of 6108?
2, 3, 509
List the prime factors of 11950.
2, 5, 239
List the prime factors of 42239.
42239
What are the prime factors of 10618?
2, 5309
List the prime factors of 549.
3, 61
What are the prime factors of 5208?
2, 3, 7, 31
What are the prime factors of 1786?
2, 19, 47
What are the prime factors of 4261?
4261
List the prime factors of 66694.
2, 33347
What are the prime factors of 116500?
2, 5, 233
What are the prime factors of 6053?
6053
What are the prime factors of 16510?
2, 5, 13, 127
What are the prime factors of 25182?
2, 3, 1399
List the prime factors of 124235.
5, 24847
What are the prime factors of 11465?
5, 2293
List the prime factors of 73762.
2, 13, 2837
List the prime factors of 333.
3, 37
List the prime factors of 3929.
3929
List the prime factors of 937.
937
List the prime factors of 581.
7, 83
List the prime factors of 825.
3, 5, 11
What are the prime factors of 7019?
7019
What are the prime factors of 12023?
11, 1093
List the prime factors of 720.
2, 3, 5
What are the prime factors of 4626?
2, 3, 257
List the prime factors of 103146.
2, 3, 17191
List the prime factors of 2249.
13, 173
List the prime factors of 21495.
3, 5, 1433
List the prime factors of 4066.
2, 19, 107
List the prime factors of 376.
2, 47
What are the prime factors of 2018?
2, 1009
What are the prime factors of 1367?
1367
List the prime factors of 2824.
2, 353
List the prime factors of 4941.
3, 61
List the prime factors of 2014.
2, 19, 53
List the prime factors of 825.
3, 5, 11
List the prime factors of 156874.
2, 78437
List the prime factors of 18170.
2, 5, 23, 79
List the prime factors of 946.
2, 11, 43
What are the prime factors of 185?
5, 37
List the prime factors of 8359.
13, 643
List the prime factors of 635.
5, 127
What are the prime factors of 9240?
2, 3, 5, 7, 11
What are the prime factors of 33907?
41, 827
List the prime factors of 1540.
2, 5, 7, 11
List the prime factors of 862.
2, 431
List the prime factors of 1789.
1789
List the prime factors of 14096.
2, 881
What are the prime factors of 1843?
19, 97
What are the prime factors of 6194?
2, 19, 163
What are the prime factors of 7287?
3, 7, 347
What are the prime factors of 942?
2, 3, 157
What are the prime factors of 1753?
1753
List the prime factors of 99844.
2, 109, 229
What are the prime factors of 294?
2, 3, 7
List the prime factors of 103727.
13, 79, 101
What are the prime factors of 7561?
7561
What are the prime factors of 49?
7
List the prime factors of 9112.
2, 17, 67
List the prime factors of 26774.
2, 11, 1217
What are the prime factors of 2718?
2, 3, 151
List the prime factors of 24288.
2, 3, 11, 23
List the prime factors of 56999.
56999
What are the prime factors of 1004?
2, 251
List the prime factors of 41546.
2, 20773
What are the prime factors of 10444?
2, 7, 373
What are the prime factors of 1690?
2, 5, 13
What are the prime factors of 161?
7, 23
What are the prime factors of 1167?
3, 389
What are the prime factors of 72787?
11, 13, 509
What are the prime factors of 108482?
2, 11, 4931
List the prime factors of 875.
5, 7
List the prime factors of 23380.
2, 5, 7, 167
What are the prime factors of 42342?
2, 3, 7057
What are the prime factors of 143?
11, 13
List the prime factors of 1437.
3, 479
List the prime factors of 8131.
47, 173
List the prime factors of 61115.
5, 17, 719
What are the prime factors of 3453?
3, 1151
What are the prime factors of 10390?
2, 5, 1039
What are the prime factors of 1862?
2, 7, 19
List the prime factors of 54749.
53, 1033
What are the prime factors of 39169?
13, 23, 131
List the prime factors of 29313.
3, 3257
What are the prime factors of 777?
3, 7, 37
List the prime factors of 18799.
11, 1709
What are the prime factors of 1115?
5, 223
List the prime factors of 29811.
3, 19, 523
List the prime factors of 37805.
5, 7561
What are the prime factors of 9555?
3, 5, 7, 13
What are the prime factors of 24333?
3, 8111
List the prime factors of 1479.
3, 17, 29
List the prime factors of 1209.
3, 13, 31
What are the prime factors of 137?
137
What are the prime factors of 15597?
3, 1733
What are the prime factors of 1627?
1627
List the prime factors of 1833.
3, 13, 47
List the prime factors of 2881.
43, 67
List the prime factors of 700.
2, 5, 7
List the prime factors of 675.
3, 5
List the prime factors of 3612.
2, 3, 7, 43
What are the prime factors of 2400?
2, 3, 5
List the prime factors of 1577.
19, 83
List the prime factors of 1300.
2, 5, 13
List the prime factors of 10096.
2, 631
List the prime factors of 213.
3, 71
What are the prime factors of 1127?
7, 23
What are the prime factors of 27819?
3, 11, 281
What are the prime factors of 29904?
2, 3, 7, 89
List the prime factors of 21546.
2, 3, 7, 19
List the prime factors of 2161.
2161
What are the prime factors of 76190?
2, 5, 19, 401
What are the prime factors of 20158?
2, 10079
List the prime factors of 6292.
2, 11, 13
List the prime factors of 4657.
4657
List the prime factors of 740.
2, 5, 37
What are the prime factors of 18527?
97, 191
What are the prime factors of 33389?
173, 193
List the prime factors of 57